{"id":39,"date":"2024-11-30T00:12:41","date_gmt":"2024-11-30T00:12:41","guid":{"rendered":"http:\/\/capfiscalmexico.com.mx\/dip-can-mer\/?page_id=39"},"modified":"2025-12-04T01:24:17","modified_gmt":"2025-12-04T01:24:17","slug":"expositores","status":"publish","type":"page","link":"http:\/\/capfiscalmexico.com.mx\/dip-can-mer\/expositores\/","title":{"rendered":"Expositores"},"content":{"rendered":"\n<!DOCTYPE html>\n<html lang=\"es\">\n<head>\n    <meta charset=\"UTF-8\">\n    <meta name=\"viewport\" content=\"width=device-width, initial-scale=1.0\">\n    <style>\n        .expositor {\n            display: flex;\n            flex-wrap: wrap;\n            margin-bottom: 1rem;\n            align-items: center;\n            border-bottom: 1px solid #ccc; \/* L\u00ednea para separar expositores *\/\n            padding-bottom: 1rem;\n        }\n        .expositor img {\n            width: 300px; \/* Tama\u00f1o fijo para la imagen *\/\n            height: auto;\n            margin-top: 1rem;\n            flex-shrink: 0;\n        }\n        .descripcion {\n            flex: 1;\n        }\n        .descripcion-left {\n            margin-left: 1rem;\n        }\n        .descripcion-right {\n            margin-right: 2rem;\n        }\n        .descripcion p {\n            text-align: justify;\n        }\n        .img-left {\n            order: 1;\n        }\n        .img-right {\n            order: 2;\n        }\n        .descripcion-left {\n            order: 3;\n        }\n        .descripcion-right {\n            order: 4;\n        }\n        h5 {\n            color: #DAA520; \/* Color dorado *\/\n        }\n\n        @media (max-width: 950px) {\n            .expositor {\n                flex-direction: column;\n                align-items: center;\n            }\n            .expositor img {\n                margin-right: 0;\n                margin-bottom: 1rem;\n            }\n            .img-left, .img-right {\n                order: 1;\n            }\n            .descripcion-left, .descripcion-right {\n                order: 2;\n                margin: 0;\n            }\n        }\n    <\/style>\n    <title>Expositores<\/title>\n<\/head>\n<body>\n    <div id=\"mrv\" class=\"expositor\">\n        <img decoding=\"async\" src=\"http:\/\/capfiscalmexico.com.mx\/wp-content\/uploads\/2025\/11\/MRV.png\" alt=\"C.P. y M.I. Misael Ru\u00edz Viramontes\" class=\"img-right\">\n        <div class=\"descripcion descripcion-right\">\n            <h5>C.P. Y M.I. MISAEL RU\u00cdZ VIRAMONTES<\/h5>\n            <p>Licenciado en Contadur\u00eda P\u00fablica por la Universidad de Guadalajara.<\/p>\n            <p>Maestr\u00eda en impuestos por el IEE. Socio director de AFV Consultores, S.C., docente en la Maestr\u00eda de Impuestos y Derecho Fiscal para TEGRA, Capacitaci\u00f3n Fiscal, S.C., UNIVA, Colegio de Especialidades de Occidente, A.C., y otras Instituciones.<\/p>\n            <p>Especialista en temas de Planeaci\u00f3n Fiscal Patrimonial, Financiera y Estrat\u00e9gica.<\/p>\n        <\/div>\n    <\/div>\n\n    <div id=\"jaj\" class=\"expositor\">\n        <img decoding=\"async\" src=\"http:\/\/capfiscalmexico.com.mx\/wp-content\/uploads\/2025\/12\/JAJ.png\" alt=\"MTRA. Jeaneth Ayala Jacobsen\" class=\"img-right\">\n        <div class=\"descripcion descripcion-left\">\n            <h5>MTRA. JEANETH AYALA JACOBSEN<\/h5>\n            <p>&#8212;<\/p>\n        <\/div>\n    <\/div>\n\n    <div id=\"rtb\" class=\"expositor\">\n        <img decoding=\"async\" src=\"http:\/\/capfiscalmexico.com.mx\/wp-content\/uploads\/2025\/11\/RTB.png\" alt=\"L.C. Y L.I. Rub\u00e9n Torres Ben\u00edtez\" class=\"img-right\">\n        <div class=\"descripcion descripcion-left\">\n            <h5>L.C. Y L.I. RUB\u00c9N TORRES BEN\u00cdTEZ<\/h5>\n            <p>Es Licenciado en Contadur\u00eda y Licenciado en Inform\u00e1tica por la Universidad Nacional Aut\u00f3noma de M\u00e9xico. Socio director de la firma Torres Ben\u00edtez y Asociados.<\/p>\n            <p>Autor del libro \u201cAplicaci\u00f3n Pr\u00e1ctica del SUA Windows 2000\u201d. Es tambi\u00e9n articulista en revistas como Nuevo Consultorio Fiscal y el Prontuario de Actualizaci\u00f3n Fiscal PAF. Catedr\u00e1tico en la Facultad de Contadur\u00eda y Administraci\u00f3n de la UNAM.<\/p>\n        <\/div>\n    <\/div>\n\n    <div id=\"jmmc\" class=\"expositor\">\n        <img decoding=\"async\" src=\"http:\/\/capfiscalmexico.com.mx\/wp-content\/uploads\/2025\/11\/JMMC.png\" alt=\"MTRO. Jos\u00e9 Manuel Morita Cancino\" class=\"img-right\">\n        <div class=\"descripcion descripcion-right\">\n            <h5>MTRO. JOS\u00c9 MANUEL MORITA CANCINO<\/h5>\n            <p>Autor de la obra ABC de las Afores, Seguro Social para principiantes.<\/p>\n            <p>Articulista en las Revistas Pr\u00e1ctica Fiscal de TAXXX Edifore, Defensa Fiscal, Consultorio Fiscal y Laboral. Considerado por la Revista Defensa Fiscal como uno de los mejores Fiscalistas de M\u00e9xico.<\/p>\n        <\/div>\n    <\/div>\n\n    <div id=\"egr\" class=\"expositor\">\n        <img decoding=\"async\" src=\"http:\/\/capfiscalmexico.com.mx\/wp-content\/uploads\/2025\/11\/EGR.png\" alt=\"L.C. Emmanuel Guerrero Romero\" class=\"img-right\">\n        <div class=\"descripcion descripcion-left\">\n            <h5>L.C. EMMANUEL GUERRERO ROMERO<\/h5>\n            <p>Licenciado en Contadur\u00eda P\u00fablica, Egresado de la Facultad de Contadur\u00eda y Administraci\u00f3n, en Ciudad Universitaria (UNAM).<\/p>\n            <p>Asesor y consultor independiente, especialista en Contabilidad Electr\u00f3nica, Comprobantes Fiscales Digitales y Auditor\u00edas Electr\u00f3nicas.<\/p>\n            <p>Fue miembro asociado en el \u00e1rea de auditor\u00eda del Despacho Dom\u00ednguez, Res\u00e9ndiz, Cuevas y Asociados, S.C., trabajando como encargado de auditor\u00eda, desde el 2006 hasta el 2017.<\/p>\n            <p>Desde 2010 ha impartido cursos en materia fiscal en todo el pa\u00eds y ha participado en distintos foros, dentro de lo m\u00e1s destacado.<\/p>\n        <\/div>\n    <\/div>\n    \n    <div id=\"ecm\" class=\"expositor\">\n        <img decoding=\"async\" src=\"http:\/\/capfiscalmexico.com.mx\/wp-content\/uploads\/2025\/11\/ECM.png\" alt=\"C.P. Enrique Corona Mendoza\" class=\"img-right\">\n        <div class=\"descripcion descripcion-right\">\n            <h5>C.P. ENRIQUE CORONA MENDOZA<\/h5>\n            <p>Contador p\u00fablico egresado de la UMSNH. Socio de la firma Virvaz Asesores Fiscales SC. Socio fundador de la Asociaci\u00f3n de Contadores y Fiscalistas de M\u00e9xico A.C. ACOFIREM. Asesor de negocios de empresas exportadoras.<\/p>\n            <p>Titular desde agosto de 2022 del programa de radio por internet \u201cRompiendo paradigmas\u201d. Creador de diversos contenidos digitales para las p\u00e1ginas electr\u00f3nicas \u201cAportaciones Fiscales\u201d, \u201cIFA consultores\u201d y \u201cEl conta.com\u201d.<\/p>\n        <\/div>\n    <\/div>\n    \n    <div id=\"pcv\" class=\"expositor\">\n        <img decoding=\"async\" src=\"http:\/\/capfiscalmexico.com.mx\/wp-content\/uploads\/2025\/11\/PCV.png\" alt=\"L.C. Pen\u00e9lope Castro Valdez\" class=\"img-left\">\n        <div class=\"descripcion descripcion-left\">\n            <h5>L.C. PEN\u00c9LOPE CASTRO VALDEZ<\/h5>\n            <p>Licenciada en contadur\u00eda p\u00fablica con Posgrado en educaci\u00f3n y egresada con menci\u00f3n honor\u00edfica por la Universidad UDEC.<\/p>\n            <p>Diplomada en Liderazgo Avanzado por University for Leaders, Chicago, Illinois.<\/p>\n            <p>Catedr\u00e1tica a nivel Licenciatura y Posgrado, directora de la p\u00e1gina de internet del Consejo Fiscal (1999 a 2011).<\/p>\n            <p>Columnista de diversos art\u00edculos fiscales para las revistas Mundo Ejecutivo, CapFiscal y peri\u00f3dico El Economista.<\/p>\n            <p>Autora de los libros: Manual para la Implementaci\u00f3n de la Facturaci\u00f3n Electr\u00f3nica; 250 Preguntas y Respuestas sobre Comprobantes Digitales e Impresos; Nueva Plataforma Fiscal para Pagos Provisionales y Definitivos; entre otros.<\/p>\n        <\/div>\n    <\/div>\n\n    <div id=\"frv\" class=\"expositor\">\n        <img decoding=\"async\" src=\"http:\/\/capfiscalmexico.com.mx\/wp-content\/uploads\/2025\/12\/FRA.png\" alt=\"C.P. Y L.D. Fabi\u00e1n Ram\u00edrez Avenda\u00f1o\" class=\"img-right\">\n        <div class=\"descripcion descripcion-left\">\n            <h5>C.P. Y L.D. FABI\u00c1N RAM\u00cdREZ AVENDA\u00d1O<\/h5>\n            <p><\/p>\n        <\/div>\n    <\/div>\n    \n    <div id=\"jlcs\" class=\"expositor\">\n        <img decoding=\"async\" src=\"http:\/\/capfiscalmexico.com.mx\/wp-content\/uploads\/2025\/11\/JLCS.png\" alt=\"Dr. Juan Luis Cruz Santos\" class=\"img-right\">\n        <div class=\"descripcion descripcion-right\">\n            <h5>DR. JUAN LUIS CRUZ SANTOS<\/h5>\n            <p>Doctor en Fiscal por la Universidad Contempor\u00e1nea de las Am\u00e9ricas, plantel Camelinas, Maestro en Derecho de la Empresa por la Universidad Panamericana.<\/p>\n            <p>Licenciado en Derecho por la Universidad Aut\u00f3noma de Quer\u00e9taro, as\u00ed como de Contador P\u00fablico por la misma Instituci\u00f3n.<\/p>\n            <p>Consultor y litigante en Derecho Fiscal y asesor de empresas del sector p\u00fablico y privado en estrategias de planeaci\u00f3n fiscal y contenci\u00f3n de riesgos.<\/p>\n        <\/div>\n    <\/div>\n    <!-- A\u00f1adir m\u00e1s expositores aqu\u00ed -->\n\n<\/body>\n<\/html>\n","protected":false},"excerpt":{"rendered":"<p>Expositores C.P. Y M.I. MISAEL RU\u00cdZ VIRAMONTES Licenciado en Contadur\u00eda P\u00fablica por la Universidad de Guadalajara. Maestr\u00eda en impuestos por el IEE. Socio director de AFV Consultores, S.C., docente en la Maestr\u00eda de Impuestos y Derecho Fiscal para TEGRA, Capacitaci\u00f3n Fiscal, S.C., UNIVA, Colegio de Especialidades de Occidente, A.C., y otras Instituciones. Especialista en temas [&hellip;]<\/p>\n","protected":false},"author":1,"featured_media":0,"parent":0,"menu_order":0,"comment_status":"closed","ping_status":"closed","template":"","meta":{"footnotes":""},"class_list":["post-39","page","type-page","status-publish","hentry"],"_links":{"self":[{"href":"http:\/\/capfiscalmexico.com.mx\/dip-can-mer\/wp-json\/wp\/v2\/pages\/39","targetHints":{"allow":["GET"]}}],"collection":[{"href":"http:\/\/capfiscalmexico.com.mx\/dip-can-mer\/wp-json\/wp\/v2\/pages"}],"about":[{"href":"http:\/\/capfiscalmexico.com.mx\/dip-can-mer\/wp-json\/wp\/v2\/types\/page"}],"author":[{"embeddable":true,"href":"http:\/\/capfiscalmexico.com.mx\/dip-can-mer\/wp-json\/wp\/v2\/users\/1"}],"replies":[{"embeddable":true,"href":"http:\/\/capfiscalmexico.com.mx\/dip-can-mer\/wp-json\/wp\/v2\/comments?post=39"}],"version-history":[{"count":12,"href":"http:\/\/capfiscalmexico.com.mx\/dip-can-mer\/wp-json\/wp\/v2\/pages\/39\/revisions"}],"predecessor-version":[{"id":199,"href":"http:\/\/capfiscalmexico.com.mx\/dip-can-mer\/wp-json\/wp\/v2\/pages\/39\/revisions\/199"}],"wp:attachment":[{"href":"http:\/\/capfiscalmexico.com.mx\/dip-can-mer\/wp-json\/wp\/v2\/media?parent=39"}],"curies":[{"name":"wp","href":"https:\/\/api.w.org\/{rel}","templated":true}]}}

<!DOCTYPE html>
<html lang="es">
<head>
    <meta charset="UTF-8">
    <meta name="viewport" content="width=device-width, initial-scale=1.0">
    <style>
        .expositor {
            display: flex;
            flex-wrap: wrap;
            margin-bottom: 1rem;
            align-items: center;
            border-bottom: 1px solid #ccc; /* Línea para separar expositores */
            padding-bottom: 1rem;
        }
        .expositor img {
            width: 300px; /* Tamaño fijo para la imagen */
            height: auto;
            margin-top: 1rem;
            flex-shrink: 0;
        }
        .descripcion {
            flex: 1;
        }
        .descripcion-left {
            margin-left: 1rem;
        }
        .descripcion-right {
            margin-right: 2rem;
        }
        .descripcion p {
            text-align: justify;
        }
        .img-left {
            order: 1;
        }
        .img-right {
            order: 2;
        }
        .descripcion-left {
            order: 3;
        }
        .descripcion-right {
            order: 4;
        }
        h5 {
            color: #DAA520; /* Color dorado */
        }

        @media (max-width: 950px) {
            .expositor {
                flex-direction: column;
                align-items: center;
            }
            .expositor img {
                margin-right: 0;
                margin-bottom: 1rem;
            }
            .img-left, .img-right {
                order: 1;
            }
            .descripcion-left, .descripcion-right {
                order: 2;
                margin: 0;
            }
        }
    </style>
    <title>Expositores</title>
</head>
<body>
    <div id="mrv" class="expositor">
        <img decoding="async" src="http://capfiscalmexico.com.mx/wp-content/uploads/2025/11/MRV.png" alt="C.P. y M.I. Misael Ruíz Viramontes" class="img-right">
        <div class="descripcion descripcion-right">
            <h5>C.P. Y M.I. MISAEL RUÍZ VIRAMONTES</h5>
            <p>Licenciado en Contaduría Pública por la Universidad de Guadalajara.</p>
            <p>Maestría en impuestos por el IEE. Socio director de AFV Consultores, S.C., docente en la Maestría de Impuestos y Derecho Fiscal para TEGRA, Capacitación Fiscal, S.C., UNIVA, Colegio de Especialidades de Occidente, A.C., y otras Instituciones.</p>
            <p>Especialista en temas de Planeación Fiscal Patrimonial, Financiera y Estratégica.</p>
        </div>
    </div>

    <div id="jaj" class="expositor">
        <img decoding="async" src="http://capfiscalmexico.com.mx/wp-content/uploads/2025/12/JAJ.png" alt="MTRA. Jeaneth Ayala Jacobsen" class="img-right">
        <div class="descripcion descripcion-left">
            <h5>MTRA. JEANETH AYALA JACOBSEN</h5>
            <p>&#8212;</p>
        </div>
    </div>

    <div id="rtb" class="expositor">
        <img decoding="async" src="http://capfiscalmexico.com.mx/wp-content/uploads/2025/11/RTB.png" alt="L.C. Y L.I. Rubén Torres Benítez" class="img-right">
        <div class="descripcion descripcion-left">
            <h5>L.C. Y L.I. RUBÉN TORRES BENÍTEZ</h5>
            <p>Es Licenciado en Contaduría y Licenciado en Informática por la Universidad Nacional Autónoma de México. Socio director de la firma Torres Benítez y Asociados.</p>
            <p>Autor del libro “Aplicación Práctica del SUA Windows 2000”. Es también articulista en revistas como Nuevo Consultorio Fiscal y el Prontuario de Actualización Fiscal PAF. Catedrático en la Facultad de Contaduría y Administración de la UNAM.</p>
        </div>
    </div>

    <div id="jmmc" class="expositor">
        <img decoding="async" src="http://capfiscalmexico.com.mx/wp-content/uploads/2025/11/JMMC.png" alt="MTRO. José Manuel Morita Cancino" class="img-right">
        <div class="descripcion descripcion-right">
            <h5>MTRO. JOSÉ MANUEL MORITA CANCINO</h5>
            <p>Autor de la obra ABC de las Afores, Seguro Social para principiantes.</p>
            <p>Articulista en las Revistas Práctica Fiscal de TAXXX Edifore, Defensa Fiscal, Consultorio Fiscal y Laboral. Considerado por la Revista Defensa Fiscal como uno de los mejores Fiscalistas de México.</p>
        </div>
    </div>

    <div id="egr" class="expositor">
        <img decoding="async" src="http://capfiscalmexico.com.mx/wp-content/uploads/2025/11/EGR.png" alt="L.C. Emmanuel Guerrero Romero" class="img-right">
        <div class="descripcion descripcion-left">
            <h5>L.C. EMMANUEL GUERRERO ROMERO</h5>
            <p>Licenciado en Contaduría Pública, Egresado de la Facultad de Contaduría y Administración, en Ciudad Universitaria (UNAM).</p>
            <p>Asesor y consultor independiente, especialista en Contabilidad Electrónica, Comprobantes Fiscales Digitales y Auditorías Electrónicas.</p>
            <p>Fue miembro asociado en el área de auditoría del Despacho Domínguez, Reséndiz, Cuevas y Asociados, S.C., trabajando como encargado de auditoría, desde el 2006 hasta el 2017.</p>
            <p>Desde 2010 ha impartido cursos en materia fiscal en todo el país y ha participado en distintos foros, dentro de lo más destacado.</p>
        </div>
    </div>
    
    <div id="ecm" class="expositor">
        <img decoding="async" src="http://capfiscalmexico.com.mx/wp-content/uploads/2025/11/ECM.png" alt="C.P. Enrique Corona Mendoza" class="img-right">
        <div class="descripcion descripcion-right">
            <h5>C.P. ENRIQUE CORONA MENDOZA</h5>
            <p>Contador público egresado de la UMSNH. Socio de la firma Virvaz Asesores Fiscales SC. Socio fundador de la Asociación de Contadores y Fiscalistas de México A.C. ACOFIREM. Asesor de negocios de empresas exportadoras.</p>
            <p>Titular desde agosto de 2022 del programa de radio por internet “Rompiendo paradigmas”. Creador de diversos contenidos digitales para las páginas electrónicas “Aportaciones Fiscales”, “IFA consultores” y “El conta.com”.</p>
        </div>
    </div>
    
    <div id="pcv" class="expositor">
        <img decoding="async" src="http://capfiscalmexico.com.mx/wp-content/uploads/2025/11/PCV.png" alt="L.C. Penélope Castro Valdez" class="img-left">
        <div class="descripcion descripcion-left">
            <h5>L.C. PENÉLOPE CASTRO VALDEZ</h5>
            <p>Licenciada en contaduría pública con Posgrado en educación y egresada con mención honorífica por la Universidad UDEC.</p>
            <p>Diplomada en Liderazgo Avanzado por University for Leaders, Chicago, Illinois.</p>
            <p>Catedrática a nivel Licenciatura y Posgrado, directora de la página de internet del Consejo Fiscal (1999 a 2011).</p>
            <p>Columnista de diversos artículos fiscales para las revistas Mundo Ejecutivo, CapFiscal y periódico El Economista.</p>
            <p>Autora de los libros: Manual para la Implementación de la Facturación Electrónica; 250 Preguntas y Respuestas sobre Comprobantes Digitales e Impresos; Nueva Plataforma Fiscal para Pagos Provisionales y Definitivos; entre otros.</p>
        </div>
    </div>

    <div id="frv" class="expositor">
        <img decoding="async" src="http://capfiscalmexico.com.mx/wp-content/uploads/2025/12/FRA.png" alt="C.P. Y L.D. Fabián Ramírez Avendaño" class="img-right">
        <div class="descripcion descripcion-left">
            <h5>C.P. Y L.D. FABIÁN RAMÍREZ AVENDAÑO</h5>
            <p></p>
        </div>
    </div>
    
    <div id="jlcs" class="expositor">
        <img decoding="async" src="http://capfiscalmexico.com.mx/wp-content/uploads/2025/11/JLCS.png" alt="Dr. Juan Luis Cruz Santos" class="img-right">
        <div class="descripcion descripcion-right">
            <h5>DR. JUAN LUIS CRUZ SANTOS</h5>
            <p>Doctor en Fiscal por la Universidad Contemporánea de las Américas, plantel Camelinas, Maestro en Derecho de la Empresa por la Universidad Panamericana.</p>
            <p>Licenciado en Derecho por la Universidad Autónoma de Querétaro, así como de Contador Público por la misma Institución.</p>
            <p>Consultor y litigante en Derecho Fiscal y asesor de empresas del sector público y privado en estrategias de planeación fiscal y contención de riesgos.</p>
        </div>
    </div>
    <!-- Añadir más expositores aquí -->

</body>
</html>

<p>Expositores C.P. Y M.I. MISAEL RUÍZ VIRAMONTES Licenciado en Contaduría Pública por la Universidad de Guadalajara. Maestría en impuestos por el IEE. Socio director de AFV Consultores, S.C., docente en la Maestría de Impuestos y Derecho Fiscal para TEGRA, Capacitación Fiscal, S.C., UNIVA, Colegio de Especialidades de Occidente, A.C., y otras Instituciones. Especialista en temas [&hellip;]</p>
