{"id":43,"date":"2024-12-12T17:16:41","date_gmt":"2024-12-12T17:16:41","guid":{"rendered":"http:\/\/capfiscalmexico.com.mx\/dip-qro-tol-slp\/?page_id=43"},"modified":"2025-11-13T21:43:38","modified_gmt":"2025-11-13T21:43:38","slug":"expositores","status":"publish","type":"page","link":"http:\/\/capfiscalmexico.com.mx\/dip-qro-tol-slp\/expositores\/","title":{"rendered":"Expositores"},"content":{"rendered":"\n<!DOCTYPE html>\n<html lang=\"es\">\n<head>\n    <meta charset=\"UTF-8\">\n    <meta name=\"viewport\" content=\"width=device-width, initial-scale=1.0\">\n    <style>\n        .expositor {\n            display: flex;\n            flex-wrap: wrap;\n            margin-bottom: 1rem;\n            align-items: center;\n            border-bottom: 1px solid #ccc; \/* L\u00ednea para separar expositores *\/\n            padding-bottom: 1rem;\n        }\n        .expositor img {\n            width: 300px; \/* Tama\u00f1o fijo para la imagen *\/\n            height: auto;\n            margin-top: 1rem;\n            flex-shrink: 0;\n        }\n        .descripcion {\n            flex: 1;\n        }\n        .descripcion-left {\n            margin-left: 1rem;\n        }\n        .descripcion-right {\n            margin-right: 2rem;\n        }\n        .descripcion p {\n            text-align: justify;\n        }\n        .img-left {\n            order: 1;\n        }\n        .img-right {\n            order: 2;\n        }\n        .descripcion-left {\n            order: 3;\n        }\n        .descripcion-right {\n            order: 4;\n        }\n        h5 {\n            color: #DAA520; \/* Color dorado *\/\n        }\n\n        @media (max-width: 950px) {\n            .expositor {\n                flex-direction: column;\n                align-items: center;\n            }\n            .expositor img {\n                margin-right: 0;\n                margin-bottom: 1rem;\n            }\n            .img-left, .img-right {\n                order: 1;\n            }\n            .descripcion-left, .descripcion-right {\n                order: 2;\n                margin: 0;\n            }\n        }\n    <\/style>\n    <title>Expositores<\/title>\n<\/head>\n<body>\n    <div id=\"ecm\" class=\"expositor\">\n        <img decoding=\"async\" src=\"http:\/\/capfiscalmexico.com.mx\/wp-content\/uploads\/2025\/11\/ECM.png\" alt=\"C.P. Enrique Corona Mendoza\" class=\"img-right\">\n        <div class=\"descripcion descripcion-right\">\n            <h5>C.P. ENRIQUE CORONA MENDOZA<\/h5>\n            <p>Contador p\u00fablico egresado de la UMSNH. Socio de la firma Virvaz Asesores Fiscales SC. Socio fundador de la Asociaci\u00f3n de Contadores y Fiscalistas de M\u00e9xico A.C. ACOFIREM. Asesor de negocios de empresas exportadoras.<\/p>\n            <p>Titular desde agosto de 2022 del programa de radio por internet \u201cRompiendo paradigmas\u201d. Creador de diversos contenidos digitales para las p\u00e1ginas electr\u00f3nicas \u201cAportaciones Fiscales\u201d, \u201cIFA consultores\u201d y \u201cEl conta.com\u201d.<\/p>\n        <\/div>\n    <\/div>\n    \n    <div id=\"egr\" class=\"expositor\">\n        <img decoding=\"async\" src=\"http:\/\/capfiscalmexico.com.mx\/wp-content\/uploads\/2025\/11\/EGR.png\" alt=\"L.C. Emmanuel Guerrero Romero\" class=\"img-right\">\n        <div class=\"descripcion descripcion-left\">\n            <h5>L.C. EMMANUEL GUERRERO ROMERO<\/h5>\n            <p>Licenciado en Contadur\u00eda P\u00fablica, Egresado de la Facultad de Contadur\u00eda y Administraci\u00f3n, en Ciudad Universitaria (UNAM).<\/p>\n            <p>Asesor y consultor independiente, especialista en Contabilidad Electr\u00f3nica, Comprobantes Fiscales Digitales y Auditor\u00edas Electr\u00f3nicas.<\/p>\n            <p>Fue miembro asociado en el \u00e1rea de auditor\u00eda del Despacho Dom\u00ednguez, Res\u00e9ndiz, Cuevas y Asociados, S.C., trabajando como encargado de auditor\u00eda, desde el 2006 hasta el 2017.<\/p>\n            <p>Desde 2010 ha impartido cursos en materia fiscal en todo el pa\u00eds y ha participado en distintos foros, dentro de lo m\u00e1s destacado.<\/p>\n        <\/div>\n    <\/div>\n    \n    <div id=\"rtb\" class=\"expositor\">\n        <img decoding=\"async\" src=\"http:\/\/capfiscalmexico.com.mx\/wp-content\/uploads\/2025\/11\/RTB.png\" alt=\"L.C. Y L.I. Rub\u00e9n Torres Ben\u00edtez\" class=\"img-right\">\n        <div class=\"descripcion descripcion-right\">\n            <h5>L.C. Y L.I. RUB\u00c9N TORRES BEN\u00cdTEZ<\/h5>\n            <p>Es Licenciado en Contadur\u00eda y Licenciado en Inform\u00e1tica por la Universidad Nacional Aut\u00f3noma de M\u00e9xico. Socio director de la firma Torres Ben\u00edtez y Asociados.<\/p>\n            <p>Autor del libro \u201cAplicaci\u00f3n Pr\u00e1ctica del SUA Windows 2000\u201d. Es tambi\u00e9n articulista en revistas como Nuevo Consultorio Fiscal y el Prontuario de Actualizaci\u00f3n Fiscal PAF. Catedr\u00e1tico en la Facultad de Contadur\u00eda y Administraci\u00f3n de la UNAM.<\/p>\n        <\/div>\n    <\/div>\n    \n    <div id=\"fmrp\" class=\"expositor\">\n        <img decoding=\"async\" src=\"http:\/\/capfiscalmexico.com.mx\/wp-content\/uploads\/2025\/11\/FMRP.png\" alt=\"MTRO. Francisco Manglio Ramos Ponce\" class=\"img-right\">\n        <div class=\"descripcion descripcion-left\">\n            <h5>MTRO. FRANCISCO MANGLIO RAMOS PONCE<\/h5>\n            <p>Especialista en Seguridad Social, exfuncionario del IMSS con 38 a\u00f1os de labor donde fue titular de la jefatura de Servicios Jur\u00eddicos, teniendo a su cargo lo Contencioso, Laboral y Penal.<\/p>\n            <p>Exdirector de AFORE XXI, asesor de empresas dedicadas a Industria de la Construcci\u00f3n, en la aplicaci\u00f3n del Servicio Integral de Registro de Obras de Construcci\u00f3n (SIROC).<\/p>\n            <p>Especialista y litigante en materia fiscal para efectos del IMSS, INFONAVIT, SAT y Finanzas. Director de Asuntos Jur\u00eddicos del Corporativo Avanzado Fiscal S.A. de C.V. 2014 a la fecha.<\/p>\n        <\/div>\n    <\/div>\n\n    <div id=\"aml\" class=\"expositor\">\n        <img decoding=\"async\" src=\"http:\/\/capfiscalmexico.com.mx\/wp-content\/uploads\/2025\/11\/AML.png\" alt=\"MTRO. Antonio Monreal Luna\" class=\"img-right\">\n        <div class=\"descripcion descripcion-left\">\n            <h5>MTRO. ANTONIO MONREAL LUNA<\/h5>\n            <p>Egresado de la Facultad de Derecho de la Universidad La Salle. Especialidad en Derecho Tributario por la Escuela Libre de Derecho.<\/p>\n            <p>Especialidad en Derechos Humanos y Justicia Administrativa por el Tribunal Federal de Justicia Administrativa. Maestro en Derecho Administrativo por la Universidad Panamericana.<\/p>\n        <\/div>\n    <\/div>\n    \n    <div id=\"fgl\" class=\"expositor\">\n        <img decoding=\"async\" src=\"http:\/\/capfiscalmexico.com.mx\/wp-content\/uploads\/2025\/11\/FGL.png\" alt=\"L.C.P. Fernando Gonz\u00e1lez L\u00f3pez\" class=\"img-right\">\n        <div class=\"descripcion descripcion-left\">\n            <h5>L.C.P. FERNANDO GONZ\u00c1LEZ L\u00d3PEZ<\/h5>\n            <p>Licenciado en Contadur\u00eda P\u00fablica titulado por Excelencia Profesional por el Instituto Irapuato. Certificado en Fiscal por el I.M.C.P. Socio director del Despacho GL Contadores. Socio del Colegio de Contadores P\u00fablicos de Irapuato. Expresidente de la comisi\u00f3n representativa ante organismos de Seguridad Social de la regi\u00f3n centro-occidente del Instituto Mexicano de Contadores P\u00fablicos.<\/p>\n        <\/div>\n    <\/div>\n    \n    <div id=\"jgml\" class=\"expositor\">\n        <img decoding=\"async\" src=\"http:\/\/capfiscalmexico.com.mx\/wp-content\/uploads\/2025\/11\/JGML.png\" alt=\"DR. Juan Gabriel Mu\u00f1oz L\u00f3pez\" class=\"img-right\">\n        <div class=\"descripcion descripcion-left\">\n            <h5>DR. JUAN GABRIEL MU\u00d1OZ L\u00d3PEZ<\/h5>\n            <p>Licenciado en Contadur\u00eda P\u00fablica y Master en Impuestos por la Universidad de Guadalajara.<\/p>\n            <p>Contador P\u00fablico Certificado por el Instituto Mexicano de Contadores P\u00fablicos en julio de 2005, Ex presidente de la Comisi\u00f3n de Cursos en 2011 y miembro de la comisi\u00f3n de apoyo al ejercicio independiente desde 2007 ambos del Colegio de contadores p\u00fablicos de Guadalajara.<\/p>\n            <p>Es Consultor Fiscal y conferencista con experiencia de m\u00e1s de 25 a\u00f1os como contador p\u00fablico, 20 a\u00f1os como fiscalista y 8 a\u00f1os en m\u00e1s de consultor\u00eda en Guadalajara, socio de Ana net, A.C. y titular del espacio virtual: \u201cEstoicismo fiscal\u201d.<\/p>\n            <p>Catedr\u00e1tico de la materia de impuestos a nivel posgrado en la UNIVA, expositor de temas fiscales a nivel nacional, escritor en \u00abCapFiscal La Revista\u00bb con los art\u00edculos \u00abSindemia Fiscal\u00bb y \u00abEl momento perfecto del tributo\u00bb.<\/p>\n        <\/div>\n    <\/div>\n\n    <div id=\"jlcs\" class=\"expositor\">\n        <img decoding=\"async\" src=\"http:\/\/capfiscalmexico.com.mx\/dip-qro-tol-slp\/wp-content\/uploads\/2024\/12\/JLCS.png\" alt=\"DR. Juan Luis Cruz Santos\" class=\"img-right\">\n        <div class=\"descripcion descripcion-left\">\n            <h5>DR. JUAN LUIS CRUZ SANTOS<\/h5>\n            <p>Doctor en Fiscal por la Universidad Contempor\u00e1nea de las Am\u00e9ricas, plantel Camelinas, Maestro en Derecho de la Empresa por la Universidad Panamericana.<\/p>\n            <p>Licenciado en Derecho por la Universidad Aut\u00f3noma de Quer\u00e9taro, as\u00ed como de Contador P\u00fablico por la misma Instituci\u00f3n.<\/p>\n            <p>Consultor y litigante en Derecho Fiscal y asesor de empresas del sector p\u00fablico y privado en estrategias de planeaci\u00f3n fiscal y contenci\u00f3n de riesgos.<\/p>\n        <\/div>\n    <\/div>\n    <!-- A\u00f1adir m\u00e1s expositores aqu\u00ed -->\n\n<\/body>\n<\/html>\n","protected":false},"excerpt":{"rendered":"<p>Expositores C.P. ENRIQUE CORONA MENDOZA Contador p\u00fablico egresado de la UMSNH. Socio de la firma Virvaz Asesores Fiscales SC. Socio fundador de la Asociaci\u00f3n de Contadores y Fiscalistas de M\u00e9xico A.C. ACOFIREM. Asesor de negocios de empresas exportadoras. Titular desde agosto de 2022 del programa de radio por internet \u201cRompiendo paradigmas\u201d. Creador de diversos contenidos [&hellip;]<\/p>\n","protected":false},"author":1,"featured_media":0,"parent":0,"menu_order":0,"comment_status":"closed","ping_status":"closed","template":"","meta":{"footnotes":""},"class_list":["post-43","page","type-page","status-publish","hentry"],"_links":{"self":[{"href":"http:\/\/capfiscalmexico.com.mx\/dip-qro-tol-slp\/wp-json\/wp\/v2\/pages\/43","targetHints":{"allow":["GET"]}}],"collection":[{"href":"http:\/\/capfiscalmexico.com.mx\/dip-qro-tol-slp\/wp-json\/wp\/v2\/pages"}],"about":[{"href":"http:\/\/capfiscalmexico.com.mx\/dip-qro-tol-slp\/wp-json\/wp\/v2\/types\/page"}],"author":[{"embeddable":true,"href":"http:\/\/capfiscalmexico.com.mx\/dip-qro-tol-slp\/wp-json\/wp\/v2\/users\/1"}],"replies":[{"embeddable":true,"href":"http:\/\/capfiscalmexico.com.mx\/dip-qro-tol-slp\/wp-json\/wp\/v2\/comments?post=43"}],"version-history":[{"count":5,"href":"http:\/\/capfiscalmexico.com.mx\/dip-qro-tol-slp\/wp-json\/wp\/v2\/pages\/43\/revisions"}],"predecessor-version":[{"id":124,"href":"http:\/\/capfiscalmexico.com.mx\/dip-qro-tol-slp\/wp-json\/wp\/v2\/pages\/43\/revisions\/124"}],"wp:attachment":[{"href":"http:\/\/capfiscalmexico.com.mx\/dip-qro-tol-slp\/wp-json\/wp\/v2\/media?parent=43"}],"curies":[{"name":"wp","href":"https:\/\/api.w.org\/{rel}","templated":true}]}}

<!DOCTYPE html>
<html lang="es">
<head>
    <meta charset="UTF-8">
    <meta name="viewport" content="width=device-width, initial-scale=1.0">
    <style>
        .expositor {
            display: flex;
            flex-wrap: wrap;
            margin-bottom: 1rem;
            align-items: center;
            border-bottom: 1px solid #ccc; /* Línea para separar expositores */
            padding-bottom: 1rem;
        }
        .expositor img {
            width: 300px; /* Tamaño fijo para la imagen */
            height: auto;
            margin-top: 1rem;
            flex-shrink: 0;
        }
        .descripcion {
            flex: 1;
        }
        .descripcion-left {
            margin-left: 1rem;
        }
        .descripcion-right {
            margin-right: 2rem;
        }
        .descripcion p {
            text-align: justify;
        }
        .img-left {
            order: 1;
        }
        .img-right {
            order: 2;
        }
        .descripcion-left {
            order: 3;
        }
        .descripcion-right {
            order: 4;
        }
        h5 {
            color: #DAA520; /* Color dorado */
        }

        @media (max-width: 950px) {
            .expositor {
                flex-direction: column;
                align-items: center;
            }
            .expositor img {
                margin-right: 0;
                margin-bottom: 1rem;
            }
            .img-left, .img-right {
                order: 1;
            }
            .descripcion-left, .descripcion-right {
                order: 2;
                margin: 0;
            }
        }
    </style>
    <title>Expositores</title>
</head>
<body>
    <div id="ecm" class="expositor">
        <img decoding="async" src="http://capfiscalmexico.com.mx/wp-content/uploads/2025/11/ECM.png" alt="C.P. Enrique Corona Mendoza" class="img-right">
        <div class="descripcion descripcion-right">
            <h5>C.P. ENRIQUE CORONA MENDOZA</h5>
            <p>Contador público egresado de la UMSNH. Socio de la firma Virvaz Asesores Fiscales SC. Socio fundador de la Asociación de Contadores y Fiscalistas de México A.C. ACOFIREM. Asesor de negocios de empresas exportadoras.</p>
            <p>Titular desde agosto de 2022 del programa de radio por internet “Rompiendo paradigmas”. Creador de diversos contenidos digitales para las páginas electrónicas “Aportaciones Fiscales”, “IFA consultores” y “El conta.com”.</p>
        </div>
    </div>
    
    <div id="egr" class="expositor">
        <img decoding="async" src="http://capfiscalmexico.com.mx/wp-content/uploads/2025/11/EGR.png" alt="L.C. Emmanuel Guerrero Romero" class="img-right">
        <div class="descripcion descripcion-left">
            <h5>L.C. EMMANUEL GUERRERO ROMERO</h5>
            <p>Licenciado en Contaduría Pública, Egresado de la Facultad de Contaduría y Administración, en Ciudad Universitaria (UNAM).</p>
            <p>Asesor y consultor independiente, especialista en Contabilidad Electrónica, Comprobantes Fiscales Digitales y Auditorías Electrónicas.</p>
            <p>Fue miembro asociado en el área de auditoría del Despacho Domínguez, Reséndiz, Cuevas y Asociados, S.C., trabajando como encargado de auditoría, desde el 2006 hasta el 2017.</p>
            <p>Desde 2010 ha impartido cursos en materia fiscal en todo el país y ha participado en distintos foros, dentro de lo más destacado.</p>
        </div>
    </div>
    
    <div id="rtb" class="expositor">
        <img decoding="async" src="http://capfiscalmexico.com.mx/wp-content/uploads/2025/11/RTB.png" alt="L.C. Y L.I. Rubén Torres Benítez" class="img-right">
        <div class="descripcion descripcion-right">
            <h5>L.C. Y L.I. RUBÉN TORRES BENÍTEZ</h5>
            <p>Es Licenciado en Contaduría y Licenciado en Informática por la Universidad Nacional Autónoma de México. Socio director de la firma Torres Benítez y Asociados.</p>
            <p>Autor del libro “Aplicación Práctica del SUA Windows 2000”. Es también articulista en revistas como Nuevo Consultorio Fiscal y el Prontuario de Actualización Fiscal PAF. Catedrático en la Facultad de Contaduría y Administración de la UNAM.</p>
        </div>
    </div>
    
    <div id="fmrp" class="expositor">
        <img decoding="async" src="http://capfiscalmexico.com.mx/wp-content/uploads/2025/11/FMRP.png" alt="MTRO. Francisco Manglio Ramos Ponce" class="img-right">
        <div class="descripcion descripcion-left">
            <h5>MTRO. FRANCISCO MANGLIO RAMOS PONCE</h5>
            <p>Especialista en Seguridad Social, exfuncionario del IMSS con 38 años de labor donde fue titular de la jefatura de Servicios Jurídicos, teniendo a su cargo lo Contencioso, Laboral y Penal.</p>
            <p>Exdirector de AFORE XXI, asesor de empresas dedicadas a Industria de la Construcción, en la aplicación del Servicio Integral de Registro de Obras de Construcción (SIROC).</p>
            <p>Especialista y litigante en materia fiscal para efectos del IMSS, INFONAVIT, SAT y Finanzas. Director de Asuntos Jurídicos del Corporativo Avanzado Fiscal S.A. de C.V. 2014 a la fecha.</p>
        </div>
    </div>

    <div id="aml" class="expositor">
        <img decoding="async" src="http://capfiscalmexico.com.mx/wp-content/uploads/2025/11/AML.png" alt="MTRO. Antonio Monreal Luna" class="img-right">
        <div class="descripcion descripcion-left">
            <h5>MTRO. ANTONIO MONREAL LUNA</h5>
            <p>Egresado de la Facultad de Derecho de la Universidad La Salle. Especialidad en Derecho Tributario por la Escuela Libre de Derecho.</p>
            <p>Especialidad en Derechos Humanos y Justicia Administrativa por el Tribunal Federal de Justicia Administrativa. Maestro en Derecho Administrativo por la Universidad Panamericana.</p>
        </div>
    </div>
    
    <div id="fgl" class="expositor">
        <img decoding="async" src="http://capfiscalmexico.com.mx/wp-content/uploads/2025/11/FGL.png" alt="L.C.P. Fernando González López" class="img-right">
        <div class="descripcion descripcion-left">
            <h5>L.C.P. FERNANDO GONZÁLEZ LÓPEZ</h5>
            <p>Licenciado en Contaduría Pública titulado por Excelencia Profesional por el Instituto Irapuato. Certificado en Fiscal por el I.M.C.P. Socio director del Despacho GL Contadores. Socio del Colegio de Contadores Públicos de Irapuato. Expresidente de la comisión representativa ante organismos de Seguridad Social de la región centro-occidente del Instituto Mexicano de Contadores Públicos.</p>
        </div>
    </div>
    
    <div id="jgml" class="expositor">
        <img decoding="async" src="http://capfiscalmexico.com.mx/wp-content/uploads/2025/11/JGML.png" alt="DR. Juan Gabriel Muñoz López" class="img-right">
        <div class="descripcion descripcion-left">
            <h5>DR. JUAN GABRIEL MUÑOZ LÓPEZ</h5>
            <p>Licenciado en Contaduría Pública y Master en Impuestos por la Universidad de Guadalajara.</p>
            <p>Contador Público Certificado por el Instituto Mexicano de Contadores Públicos en julio de 2005, Ex presidente de la Comisión de Cursos en 2011 y miembro de la comisión de apoyo al ejercicio independiente desde 2007 ambos del Colegio de contadores públicos de Guadalajara.</p>
            <p>Es Consultor Fiscal y conferencista con experiencia de más de 25 años como contador público, 20 años como fiscalista y 8 años en más de consultoría en Guadalajara, socio de Ana net, A.C. y titular del espacio virtual: “Estoicismo fiscal”.</p>
            <p>Catedrático de la materia de impuestos a nivel posgrado en la UNIVA, expositor de temas fiscales a nivel nacional, escritor en «CapFiscal La Revista» con los artículos «Sindemia Fiscal» y «El momento perfecto del tributo».</p>
        </div>
    </div>

    <div id="jlcs" class="expositor">
        <img decoding="async" src="http://capfiscalmexico.com.mx/dip-qro-tol-slp/wp-content/uploads/2024/12/JLCS.png" alt="DR. Juan Luis Cruz Santos" class="img-right">
        <div class="descripcion descripcion-left">
            <h5>DR. JUAN LUIS CRUZ SANTOS</h5>
            <p>Doctor en Fiscal por la Universidad Contemporánea de las Américas, plantel Camelinas, Maestro en Derecho de la Empresa por la Universidad Panamericana.</p>
            <p>Licenciado en Derecho por la Universidad Autónoma de Querétaro, así como de Contador Público por la misma Institución.</p>
            <p>Consultor y litigante en Derecho Fiscal y asesor de empresas del sector público y privado en estrategias de planeación fiscal y contención de riesgos.</p>
        </div>
    </div>
    <!-- Añadir más expositores aquí -->

</body>
</html>

<p>Expositores C.P. ENRIQUE CORONA MENDOZA Contador público egresado de la UMSNH. Socio de la firma Virvaz Asesores Fiscales SC. Socio fundador de la Asociación de Contadores y Fiscalistas de México A.C. ACOFIREM. Asesor de negocios de empresas exportadoras. Titular desde agosto de 2022 del programa de radio por internet “Rompiendo paradigmas”. Creador de diversos contenidos [&hellip;]</p>
