{"id":74,"date":"2024-10-12T18:54:43","date_gmt":"2024-10-13T00:54:43","guid":{"rendered":"http:\/\/capfiscalmexico.com.mx\/dip-tij-mex-ens\/?page_id=74"},"modified":"2025-12-22T21:33:08","modified_gmt":"2025-12-23T03:33:08","slug":"expositores","status":"publish","type":"page","link":"http:\/\/capfiscalmexico.com.mx\/dip-tij-mex-ens\/expositores\/","title":{"rendered":"Expositores"},"content":{"rendered":"\n<!DOCTYPE html>\n<html lang=\"es\">\n<head>\n    <meta charset=\"UTF-8\">\n    <meta name=\"viewport\" content=\"width=device-width, initial-scale=1.0\">\n    <style>\n        .expositor {\n            display: flex;\n            flex-wrap: wrap;\n            margin-bottom: 1rem;\n            align-items: center;\n            border-bottom: 1px solid #ccc; \/* L\u00ednea para separar expositores *\/\n            padding-bottom: 1rem;\n        }\n        .expositor img {\n            width: 300px; \/* Tama\u00f1o fijo para la imagen *\/\n            height: auto;\n            margin-top: 1rem;\n            flex-shrink: 0;\n        }\n        .descripcion {\n            flex: 1;\n        }\n        .descripcion-left {\n            margin-left: 1rem;\n        }\n        .descripcion-right {\n            margin-right: 2rem;\n        }\n        .descripcion p {\n            text-align: justify;\n        }\n        .img-left {\n            order: 1;\n        }\n        .img-right {\n            order: 2;\n        }\n        .descripcion-left {\n            order: 3;\n        }\n        .descripcion-right {\n            order: 4;\n        }\n        h5 {\n            color: #D2BB82; \/* Color dorado *\/\n        }\n        @media (max-width: 768px) {\n            .expositor {\n                flex-direction: column;\n                align-items: center;\n            }\n            .expositor img {\n                margin-right: 0;\n                margin-bottom: 1rem;\n            }\n            .img-left, .img-right {\n                order: 1;\n            }\n            .descripcion-left, .descripcion-right {\n                order: 2;\n                margin: 0;\n            }\n        }\n    <\/style>\n    <title>Expositores<\/title>\n<\/head>\n<body>\n    <div id=\"jmgg\" class=\"expositor\">\n        <img decoding=\"async\" src=\"http:\/\/capfiscalmexico.com.mx\/wp-content\/uploads\/2025\/11\/JMGG.png\" alt=\"MTRO. Jos\u00e9 Manuel Guti\u00e9rrez Garc\u00eda\" class=\"img-right\">\n        <div class=\"descripcion descripcion-right\">\n            <h5>C.P.C. Y M.A.F. JOS\u00c9 MANUEL GUTI\u00c9RREZ GARC\u00cdA<\/h5>\n            <p>A nivel internacional ha participado como expositor en temas contables y financieros en El Salvador, Honduras, Rep\u00fablica Dominicana y Estados Unidos de Am\u00e9rica.<\/p>\n            <p>Asesor fiscal independiente y catedr\u00e1tico de diversas instituciones de educaci\u00f3n superior p\u00fablicas y privadas; considerado por la Revista Defensa Fiscal como uno de los Fiscalistas de M\u00e9xico.sultor y litigante en Derecho Fiscal y asesor de empresas del sector p\u00fablico y privado en estrategias de planeaci\u00f3n fiscal y contenci\u00f3n de riesgos.<\/p>\n        <\/div>\n    <\/div>\n\n    <div id=\"egr\" class=\"expositor\">\n        <img decoding=\"async\" src=\"http:\/\/capfiscalmexico.com.mx\/wp-content\/uploads\/2025\/11\/EGR.png\" alt=\"L.C. Emmanuel Guerrero Romero\" class=\"img-right\">\n        <div class=\"descripcion descripcion-right\">\n            <h5>L.C. EMMANUEL GUERRERO ROMERO<\/h5>\n            <p>Licenciado en Contadur\u00eda P\u00fablica, Egresado de la Facultad de Contadur\u00eda y Administraci\u00f3n, en Ciudad Universitaria (UNAM).<\/p>\n            <p>Asesor y consultor independiente, especialista en Contabilidad Electr\u00f3nica, Comprobantes Fiscales Digitales y Auditor\u00edas Electr\u00f3nicas.<\/p>\n            <p>Fue miembro asociado en el \u00e1rea de auditor\u00eda del Despacho Dom\u00ednguez, Res\u00e9ndiz, Cuevas y Asociados, S.C., trabajando como encargado de auditor\u00eda, desde el 2006 hasta el 2017.<\/p>\n            <p>Desde 2010 ha impartido cursos en materia fiscal en todo el pa\u00eds y ha participado en distintos foros, dentro de lo m\u00e1s destacado.<\/p>\n        <\/div>\n    <\/div>\n    \n    <div id=\"pcv\" class=\"expositor\">\n        <img decoding=\"async\" src=\"https:\/\/capfiscalmexico.com.mx\/wp-content\/uploads\/2025\/11\/PCV.png\" alt=\"L.C. Pen\u00e9lope Castro Valdez\" class=\"img-left\">\n        <div class=\"descripcion descripcion-left\">\n            <h5>L.C. PEN\u00c9LOPE CASTRO VALDEZ<\/h5>\n            <p>Licenciada en contadur\u00eda p\u00fablica con Posgrado en educaci\u00f3n y egresada con menci\u00f3n honor\u00edfica por la Universidad UDEC.<\/p>\n            <p>Diplomada en Liderazgo Avanzado por University for Leaders, Chicago, Illinois.<\/p>\n            <p>Catedr\u00e1tica a nivel Licenciatura y Posgrado, directora de la p\u00e1gina de internet del Consejo Fiscal (1999 a 2011).<\/p>\n            <p>Columnista de diversos art\u00edculos fiscales para las revistas Mundo Ejecutivo, CapFiscal y peri\u00f3dico El Economista.<\/p>\n            <p>Autora de los libros: Manual para la Implementaci\u00f3n de la Facturaci\u00f3n Electr\u00f3nica; 250 Preguntas y Respuestas sobre Comprobantes Digitales e Impresos; Nueva Plataforma Fiscal para Pagos Provisionales y Definitivos; entre otros.<\/p>\n        <\/div>\n    <\/div>\n    \n    <div id=\"fbam\" class=\"expositor\">\n        <img decoding=\"async\" src=\"http:\/\/capfiscalmexico.com.mx\/wp-content\/uploads\/2025\/11\/FBAM.png\" alt=\"DR. FRANCISCO BULMARO ARREGU\u00cdN MORENO\" class=\"img-left\">\n        <div class=\"descripcion descripcion-left\">\n            <h5>DR. FRANCISCO BULMARO ARREGU\u00cdN MORENO<\/h5>\n            <p>Doctor en Derecho, Maestro en Derecho Laboral, as\u00ed como en Derecho Fiscal expedidas por la Universidad del Centro del Baj\u00edo; Maestro en Derecho Constitucional y Amparo, Doctor en Derecho. Abogado postulante y director general de Asesores y Consultores en Derecho Laboral en Celaya, Gto. Catedr\u00e1tico de la Universidad de Guanajuato, as\u00ed como de la Universidad Lasalle del Baj\u00edo campus Salamanca.<\/p>\n        <\/div>\n    <\/div>\n    \n    <div id=\"gaz\" class=\"expositor\">\n        <img decoding=\"async\" src=\"http:\/\/capfiscalmexico.com.mx\/wp-content\/uploads\/2025\/12\/GAZ.png\" alt=\"C.P. Y L.D. Gabriel Aranda Zamacona\" class=\"img-right\">\n        <div class=\"descripcion descripcion-right\">\n            <h5>C.P. Y L.D. GABRIEL ARANDA ZAMACONA<\/h5>\n            <p>Licenciado en Contadur\u00eda por la Universidad Nacional Aut\u00f3noma de M\u00e9xico. Licenciado en Derecho por la Universidad Veracruzana y actualmente cursa la Maestr\u00eda en Derecho Laboral en el Instituto Nacional de Estudios Superiores en Derecho Penal.<\/p>\n            <p>Director General ALEDGAZ, Facilitador certi-ficado CONOCER y Colaborador en Revistas Audacia Corporativa Fiscal y Trascender.<\/p>\n            <p>Su Experiencia Docente aplica en el Instituto Tecnol\u00f3gico Aut\u00f3nomo de M\u00e9xico Campus Santa Teresa, Ciudad de M\u00e9xico. Instituto Tecnol\u00f3gico y de Estudios Superiores de Monterrey, Campus Estado de M\u00e9xico, Instituto Tecnol\u00f3gico Superior de Huatusco; Coscomatepec; Tierra Blanca, Veracruz, Universidad Crist\u00f3bal Col\u00f3n, Sede Veracruz, Veracruz y la Universidad Jean Piaget, Sede Veracruz, Veracruz<\/p>\n        <\/div>\n    <\/div>\n\n    <div id=\"aml\" class=\"expositor\">\n        <img decoding=\"async\" src=\"http:\/\/capfiscalmexico.com.mx\/wp-content\/uploads\/2025\/11\/AML.png\" alt=\"MTRO. Antonio Monreal Luna\" class=\"img-right\">\n        <div class=\"descripcion descripcion-left\">\n            <h5>MTRO. ANTONIO MONREAL LUNA<\/h5>\n            <p>Egresado de la Facultad de Derecho de la Universidad La Salle. Especialidad en Derecho Tributario por la Escuela Libre de Derecho.<\/p>\n            <p>Especialidad en Derechos Humanos y Justicia Administrativa por el Tribunal Federal de Justicia Administrativa. Maestro en Derecho Administrativo por la Universidad Panamericana.<\/p>\n        <\/div>\n    <\/div>\n    \n    <div id=\"mrv\" class=\"expositor\">\n        <img decoding=\"async\" src=\"https:\/\/capfiscalmexico.com.mx\/wp-content\/uploads\/2025\/11\/MRV.png\" alt=\"C.P. y M.I. Misael Ru\u00edz Viramontes\" class=\"img-right\">\n        <div class=\"descripcion descripcion-right\">\n            <h5>C.P. Y M.I. MISAEL RU\u00cdZ VIRAMONTES<\/h5>\n            <p>Licenciado en Contadur\u00eda P\u00fablica por la Universidad de Guadalajara.<\/p>\n            <p>Maestr\u00eda en impuestos por el IEE. Socio director de AFV Consultores, S.C., docente en la Maestr\u00eda de Impuestos y Derecho Fiscal para TEGRA, Capacitaci\u00f3n Fiscal, S.C., UNIVA, Colegio de Especialidades de Occidente, A.C., y otras Instituciones.<\/p>\n            <p>Especialista en temas de Planeaci\u00f3n Fiscal Patrimonial, Financiera y Estrat\u00e9gica.<\/p>\n        <\/div>\n    <\/div>\n    \n    <div id=\"rtb\" class=\"expositor\">\n        <img decoding=\"async\" src=\"http:\/\/capfiscalmexico.com.mx\/wp-content\/uploads\/2025\/11\/RTB.png\" alt=\"L.C. Y L.I. Rub\u00e9n Torres Ben\u00edtez\" class=\"img-right\">\n        <div class=\"descripcion descripcion-right\">\n            <h5>L.C. Y L.I. RUB\u00c9N TORRES BEN\u00cdTEZ<\/h5>\n            <p>Es Licenciado en Contadur\u00eda y Licenciado en Inform\u00e1tica por la Universidad Nacional Aut\u00f3noma de M\u00e9xico. Socio director de la firma Torres Ben\u00edtez y Asociados.<\/p>\n            <p>Autor del libro \u201cAplicaci\u00f3n Pr\u00e1ctica del SUA Windows 2000\u201d. Es tambi\u00e9n articulista en revistas como Nuevo Consultorio Fiscal y el Prontuario de Actualizaci\u00f3n Fiscal PAF. Catedr\u00e1tico en la Facultad de Contadur\u00eda y Administraci\u00f3n de la UNAM.<\/p>\n        <\/div>\n    <\/div>\n    \n    <div id=\"jlcs\" class=\"expositor\">\n        <img decoding=\"async\" src=\"http:\/\/capfiscalmexico.com.mx\/wp-content\/uploads\/2025\/11\/JLCS.png\" alt=\"Dr. Juan Luis Cruz Santos\" class=\"img-right\">\n        <div class=\"descripcion descripcion-right\">\n            <h5>DR. JUAN LUIS CRUZ SANTOS<\/h5>\n            <p>Doctor en Fiscal por la Universidad Contempor\u00e1nea de las Am\u00e9ricas, plantel Camelinas, Maestro en Derecho de la Empresa por la Universidad Panamericana.<\/p>\n            <p>Licenciado en Derecho por la Universidad Aut\u00f3noma de Quer\u00e9taro, as\u00ed como de Contador P\u00fablico por la misma Instituci\u00f3n.<\/p>\n            <p>Consultor y litigante en Derecho Fiscal y asesor de empresas del sector p\u00fablico y privado en estrategias de planeaci\u00f3n fiscal y contenci\u00f3n de riesgos.<\/p>\n        <\/div>\n    <\/div>\n    <!-- A\u00f1adir m\u00e1s expositores aqu\u00ed -->\n\n<\/body>\n<\/html>\n\n","protected":false},"excerpt":{"rendered":"<p>Expositores C.P.C. Y M.A.F. JOS\u00c9 MANUEL GUTI\u00c9RREZ GARC\u00cdA A nivel internacional ha participado como expositor en temas contables y financieros en El Salvador, Honduras, Rep\u00fablica Dominicana y Estados Unidos de Am\u00e9rica. Asesor fiscal independiente y catedr\u00e1tico de diversas instituciones de educaci\u00f3n superior p\u00fablicas y privadas; considerado por la Revista Defensa Fiscal como uno de los [&hellip;]<\/p>\n","protected":false},"author":1,"featured_media":0,"parent":0,"menu_order":0,"comment_status":"closed","ping_status":"closed","template":"","meta":{"footnotes":""},"class_list":["post-74","page","type-page","status-publish","hentry"],"_links":{"self":[{"href":"http:\/\/capfiscalmexico.com.mx\/dip-tij-mex-ens\/wp-json\/wp\/v2\/pages\/74","targetHints":{"allow":["GET"]}}],"collection":[{"href":"http:\/\/capfiscalmexico.com.mx\/dip-tij-mex-ens\/wp-json\/wp\/v2\/pages"}],"about":[{"href":"http:\/\/capfiscalmexico.com.mx\/dip-tij-mex-ens\/wp-json\/wp\/v2\/types\/page"}],"author":[{"embeddable":true,"href":"http:\/\/capfiscalmexico.com.mx\/dip-tij-mex-ens\/wp-json\/wp\/v2\/users\/1"}],"replies":[{"embeddable":true,"href":"http:\/\/capfiscalmexico.com.mx\/dip-tij-mex-ens\/wp-json\/wp\/v2\/comments?post=74"}],"version-history":[{"count":4,"href":"http:\/\/capfiscalmexico.com.mx\/dip-tij-mex-ens\/wp-json\/wp\/v2\/pages\/74\/revisions"}],"predecessor-version":[{"id":181,"href":"http:\/\/capfiscalmexico.com.mx\/dip-tij-mex-ens\/wp-json\/wp\/v2\/pages\/74\/revisions\/181"}],"wp:attachment":[{"href":"http:\/\/capfiscalmexico.com.mx\/dip-tij-mex-ens\/wp-json\/wp\/v2\/media?parent=74"}],"curies":[{"name":"wp","href":"https:\/\/api.w.org\/{rel}","templated":true}]}}